{"id":43,"date":"2020-10-16T09:01:11","date_gmt":"2020-10-16T07:01:11","guid":{"rendered":"https:\/\/www.trenerskestaze.cz\/?page_id=43"},"modified":"2020-10-16T14:29:10","modified_gmt":"2020-10-16T12:29:10","slug":"hertha-bsc","status":"publish","type":"page","link":"https:\/\/www.trenerskestaze.cz\/?page_id=43","title":{"rendered":"Hertha BSC"},"content":{"rendered":"\n<div class=\"wp-block-image\"><figure class=\"alignleft size-large is-resized\"><img src=\"https:\/\/upload.wikimedia.org\/wikipedia\/commons\/thumb\/8\/81\/Hertha_BSC_Logo_2012.svg\/1200px-Hertha_BSC_Logo_2012.svg.png\" alt=\"\" width=\"150\"\/><\/figure><\/div>\n\n\n\n<p><strong>Hertha Berl\u00edn<\/strong>\u00a0byla zalo\u017eena\u00a0<strong>25. \u010dervence 1892<\/strong>\u00a0pod n\u00e1zvem\u00a0<strong>BFC Hertha 1892<\/strong>. Vznikla slou\u010den\u00edm s klubem\u00a0<strong>Berliner Sport-Club (BSC)<\/strong>. N\u00e1zev klub dostal podle parn\u00edku s modrob\u00edl\u00fdm kom\u00ednem, kdy jeden ze zakl\u00e1daj\u00edc\u00edch \u010dlen\u016f na takov\u00fd parn\u00edk vstoupil a tolik se mu zal\u00edbil, \u017ee po n\u011bm cht\u011bl pojmenovat klub. Tak\u00e9 jm\u00e9no\u00a0<strong>Hertha<\/strong>\u00a0m\u00e1 jist\u00fd odkaz v\u00a0<strong>Germ\u00e1nsk\u00e9 mytologii<\/strong>.<\/p>\n\n\n\n<!--more-->\n\n\n\n<p>Od roku&nbsp;<strong>1963<\/strong>&nbsp;klub hraje na sv\u011btozn\u00e1m\u00e9m&nbsp;<strong>Olympiastadion Berlin<\/strong>. Svoj\u00ed popularitu stadion z\u00edskal sp\u00ed\u0161e z po\u0159\u00e1d\u00e1n\u00ed&nbsp;<strong>Olympijsk\u00fdch her<\/strong>&nbsp;(jak n\u00e1m napov\u00edd\u00e1 n\u00e1zev), ne\u017e z fotbalu.<\/p>\n\n\n\n<p><strong>Hertha<\/strong>&nbsp;je pr\u016fm\u011brn\u00fd klub, kter\u00fd se dr\u017e\u00ed v p\u016flce tabulky. Za svoj\u00ed historii n\u011bkolikr\u00e1t klub spadl do druh\u00e9 ligy (jednou dokonce i do t\u0159et\u00ed), ale v\u017edy se mu poda\u0159ilo&nbsp;dostat se zp\u00e1tky do prvn\u00ed ligy.<\/p>\n\n\n\n<p>Mezi nejv\u011bt\u0161\u00ed \u00fasp\u011bchy klubu pat\u0159\u00ed z\u00edsk&nbsp;<strong>2 titul\u016f mistra ligy<\/strong>&nbsp;z let&nbsp;<strong>1930<\/strong>&nbsp;a&nbsp;<strong>1931<\/strong>.<\/p>\n\n\n\n<p>K legend\u00e1m&nbsp;klubu se \u0159ad\u00ed hr\u00e1\u010di jako&nbsp;<strong>Niko Kova\u010d, Gabor Kiraly, Alex Alves, Raffael, P\u00e1l D\u00e1rdai&nbsp;<\/strong>a<strong>&nbsp;Michael Preetz<\/strong>.<\/p>\n\n\n\n<p><strong>\u010ceskou<\/strong>&nbsp;stopu v klubu zanechali&nbsp;<strong>Jaroslav Drobn\u00fd, Roman Hubn\u00edk, Rudolf Sk\u00e1cel, V\u00e1clav Sv\u011brko\u0161&nbsp;<\/strong>a p\u0159edev\u0161\u00edm v sou\u010dasn\u00e9 dob\u011b<strong>&nbsp;Vladim\u00edr Darida<\/strong>.<\/p>\n","protected":false},"excerpt":{"rendered":"<p>Hertha Berl\u00edn\u00a0byla zalo\u017eena\u00a025. \u010dervence 1892\u00a0pod n\u00e1zvem\u00a0BFC Hertha 1892. Vznikla slou\u010den\u00edm s klubem\u00a0Berliner Sport-Club (BSC). N\u00e1zev klub dostal podle parn\u00edku s modrob\u00edl\u00fdm kom\u00ednem, kdy jeden ze zakl\u00e1daj\u00edc\u00edch \u010dlen\u016f na takov\u00fd parn\u00edk vstoupil a tolik se mu zal\u00edbil, \u017ee po n\u011bm cht\u011bl pojmenovat klub. Tak\u00e9 jm\u00e9no\u00a0Hertha\u00a0m\u00e1 jist\u00fd odkaz v\u00a0Germ\u00e1nsk\u00e9 mytologii.<\/p>\n","protected":false},"author":1,"featured_media":0,"parent":0,"menu_order":0,"comment_status":"closed","ping_status":"closed","template":"","meta":[],"_links":{"self":[{"href":"https:\/\/www.trenerskestaze.cz\/index.php?rest_route=\/wp\/v2\/pages\/43"}],"collection":[{"href":"https:\/\/www.trenerskestaze.cz\/index.php?rest_route=\/wp\/v2\/pages"}],"about":[{"href":"https:\/\/www.trenerskestaze.cz\/index.php?rest_route=\/wp\/v2\/types\/page"}],"author":[{"embeddable":true,"href":"https:\/\/www.trenerskestaze.cz\/index.php?rest_route=\/wp\/v2\/users\/1"}],"replies":[{"embeddable":true,"href":"https:\/\/www.trenerskestaze.cz\/index.php?rest_route=%2Fwp%2Fv2%2Fcomments&post=43"}],"version-history":[{"count":5,"href":"https:\/\/www.trenerskestaze.cz\/index.php?rest_route=\/wp\/v2\/pages\/43\/revisions"}],"predecessor-version":[{"id":150,"href":"https:\/\/www.trenerskestaze.cz\/index.php?rest_route=\/wp\/v2\/pages\/43\/revisions\/150"}],"wp:attachment":[{"href":"https:\/\/www.trenerskestaze.cz\/index.php?rest_route=%2Fwp%2Fv2%2Fmedia&parent=43"}],"curies":[{"name":"wp","href":"https:\/\/api.w.org\/{rel}","templated":true}]}}